ime factors of 31320651.
3, 10440217
List the prime factors of 74308235.
5, 113, 131519
List the prime factors of 989266469.
193, 5125733
What are the prime factors of 1054764982?
2, 2593, 203387
List the prime factors of 821451285.
3, 5, 313, 58321
What are the prime factors of 186281157?
3, 4463, 13913
List the prime factors of 962017467.
3, 367, 873767
What are the prime factors of 3021028261?
2953, 1023037
List the prime factors of 1612650472.
2, 201581309
List the prime factors of 111831780.
2, 3, 5, 17, 109639
What are the prime factors of 734629209?
3, 97, 137, 18427
List the prime factors of 395084583.
3, 43898287
List the prime factors of 2971732583.
17, 10903, 16033
What are the prime factors of 157277904?
2, 3, 7, 29, 16141
List the prime factors of 196981582.
2, 7, 211, 66683
List the prime factors of 31374449.
31, 1012079
List the prime factors of 3503120771.
4273, 819827
List the prime factors of 3377438.
2, 127, 13297
What are the prime factors of 58765287?
3, 7, 37, 53, 1427
List the prime factors of 2185880402.
2, 4139, 264059
List the prime factors of 114252481.
7, 641, 25463
List the prime factors of 2889413473.
317, 577, 15797
What are the prime factors of 2028356710?
2, 5, 223, 909577
What are the prime factors of 2046311912?
2, 255788989
What are the prime factors of 57062526?
2, 3, 9510421
List the prime factors of 715060435.
5, 143012087
What are the prime factors of 1456119976?
2, 521, 349357
What are the prime factors of 10464665?
5, 271, 7723
What are the prime factors of 512592340?
2, 5, 13, 47, 41947
List the prime factors of 6556777.
6556777
List the prime factors of 216017322.
2, 3, 37, 973051
List the prime factors of 197970285.
3, 5, 13198019
List the prime factors of 40223037.
3, 17, 788687
What are the prime factors of 111229900?
2, 5, 97, 11467
List the prime factors of 1056595730.
2, 5, 17, 71, 87539
What are the prime factors of 493808101?
493808101
List the prime factors of 15054937.
197, 76421
What are the prime factors of 754978673?
37, 163, 125183
List the prime factors of 35759108.
2, 7, 11, 116101
What are the prime factors of 2189200811?
7, 31, 10088483
List the prime factors of 43156123.
31, 1392133
What are the prime factors of 3018319357?
373, 8092009
What are the prime factors of 47503102?
2, 29, 379, 2161
List the prime factors of 2950714608.
2, 3, 59, 1041919
List the prime factors of 104042146.
2, 13, 307817
List the prime factors of 901973048.
2, 112746631
List the prime factors of 64691995.
5, 43, 300893
List the prime factors of 34022858.
2, 29, 586601
What are the prime factors of 1992852597?
3, 37, 17953627
List the prime factors of 30735783.
3, 13, 443, 593
List the prime factors of 377193917.
377193917
List the prime factors of 410631382.
2, 7, 19, 61, 25307
List the prime factors of 49623448.
2, 7, 41, 21613
List the prime factors of 2281718438.
2, 131, 8708849
What are the prime factors of 407146811?
503, 809437
What are the prime factors of 63369388?
2, 15842347
What are the prime factors of 202336786?
2, 47, 107, 20117
What are the prime factors of 143224921?
7, 53, 386051
List the prime factors of 52721331.
3, 13, 1351829
What are the prime factors of 273078122?
2, 41, 43, 77447
What are the prime factors of 108044169?
3, 29, 223, 5569
List the prime factors of 994648047.
3, 179, 317, 5843
What are the prime factors of 66203285?
5, 13240657
List the prime factors of 1265370331.
41, 43, 47, 15271
List the prime factors of 199882776.
2, 3, 8328449
What are the prime factors of 1471741681?
359, 1913, 2143
List the prime factors of 1468056724.
2, 16787, 21863
List the prime factors of 45995716.
2, 13, 68041
What are the prime factors of 7235501?
7, 13, 23, 3457
List the prime factors of 204528038.
2, 11, 13, 43, 16631
List the prime factors of 1994150640.
2, 3, 5, 31, 109, 2459
List the prime factors of 153902051.
139, 1013, 1093
List the prime factors of 266008057.
7, 38001151
List the prime factors of 971720372.
2, 7, 708251
List the prime factors of 283950166.
2, 141975083
List the prime factors of 167753665.
5, 127, 264179
What are the prime factors of 60116361?
3, 19, 1054673
List the prime factors of 2346576052.
2, 431, 1361123
List the prime factors of 159935.
5, 29, 1103
List the prime factors of 65558427.
3, 11, 1153, 1723
List the prime factors of 20765666.
2, 10382833
What are the prime factors of 114925868?
2, 1039, 27653
What are the prime factors of 312184416?
2, 3, 53, 61357
What are the prime factors of 2083295177?
2927, 711751
What are the prime factors of 106001343?
3, 7, 1682561
What are the prime factors of 878977595?
5, 6089, 28871
List the prime factors of 32148775.
5, 691, 1861
List the prime factors of 42628820.
2, 5, 13, 127, 1291
What are the prime factors of 2426111653?
7, 19, 4271
What are the prime factors of 490681890?
2, 3, 5, 83, 65687
List the prime factors of 1667636906.
2, 13, 149, 33113
List the prime factors of 2880832257.
3, 17, 43, 227, 643
List the prime factors of 4424491239.
3, 7, 210690059
List the prime factors of 38996449.
173, 431, 523
What are the prime factors of 180350761?
180350761
What are the prime factors of 134227436?
2, 7, 73, 97, 677
What are the prime factors of 82742191?
7, 29, 43, 9479
List the prime factors of 73353011.
17, 71, 60773
List the prime factors of 144997639.
8287, 17497
List the prime factors of 354286035.
3, 5, 17, 154373
What are the prime factors of 1257001896?
2, 3, 17, 3080887
List the prime factors of 4691068679.
11, 191, 2232779
What are the prime factors of 251584991?
7, 337, 106649
What are the prime factors of 364899191?
109, 3347699
List the prime factors of 457671173.
457671173
What are the prime factors of 1406132993?
1583, 888271
List the prime factors of 2180306739.
3, 13, 29, 53, 36373
List the prime factors of 41405339.
4337, 9547
List the prime factors of 47889578.
2, 11, 17, 128047
List the prime factors of 472118200.
2, 5, 2360591
What are the prime factors of 93998405?
5, 18799681
What are the prime factors of 1185983967?
3, 7, 1193, 47339
List the prime factors of 17686383.
3, 11, 13, 41227
List the prime factors of 7225601960.
2, 5, 19, 1663, 5717
List the prime factors of 46158169.
29, 41, 38821
What are the prime factors of 3257487209?
10891, 299099
What are the prime factors of 1304220717?
3, 79, 611449
What are the prime factors of 1541292336?
2, 3, 41, 261059
List the prime factors of 246381725.
5, 181, 54449
List the prime factors of 1702409807.
7, 1193, 203857
What are the prime factors of 18603902?
2, 61, 109, 1399
What are the prime factors of 4949021?
7, 11, 5843
What are the prime factors of 829841415?
3, 5, 13, 4255597
What are the prime factors of 1579800537?
3, 7, 107, 191, 409
List the prime factors of 1244756312.
2, 83, 1874633
List the prime factors of 6826888303.
6826888303
What are the prime factors of 136817963?
53, 919
What are the prime factors of 30026921?
67, 6689
List the prime factors of 58867987.
58867987
List the prime factors of 16871383.
16871383
What are the prime factors of 1926900292?
2, 17, 569, 49801
What are the prime factors of 52041239?
52041239
List the prime factors of 438720978.
2, 3, 1193, 61291
List the prime factors of 162861901.
19, 37, 89, 137
List the prime factors of 443007885.
3, 5, 3271, 9029
List the prime factors of 106100660.
2, 5, 5305033
List the prime factors of 31476763.
839, 37517
What are the prime factors of 298123360?
2, 5, 1863271
List the prime factors of 531754511.
531754511
What are the prime factors of 1050721591?
29, 36231779
List the prime factors of 248510004.
2, 3, 53, 390739
What are the prime factors of 83079074?
2, 13, 379, 8431
List the prime factors of 64538931.
3, 31, 693967
What are the prime factors of 61340651?
61340651
What are the prime factors of 1251613743?
3, 383, 907, 1201
What are the prime factors of 59999255?
5, 1489, 8059
List the prime factors of 1513418106.
2, 3, 127, 181, 10973
List the prime factors of 270386721.
3, 11, 82763
What are the prime factors of 288594087?
3, 23, 107, 39089
What are the prime factors of 634805568?
2, 3, 17, 241, 269
List the prime factors of 8700642011.
79, 110134709
What are the prime factors of 112078957?
37, 739, 4099
List the prime factors of 51622242.
2, 3, 7, 73,